{"id":40,"date":"2023-12-06T21:51:42","date_gmt":"2023-12-06T21:51:42","guid":{"rendered":"https:\/\/comunidad.maryajosess.com\/?page_id=40"},"modified":"2025-02-05T13:09:17","modified_gmt":"2025-02-05T13:09:17","slug":"envionacional","status":"publish","type":"page","link":"https:\/\/comunidad.maryajosess.com\/index.php\/envionacional\/","title":{"rendered":"Env\u00edo nacional"},"content":{"rendered":"\n<h2 class=\"wp-block-heading\">Env\u00edo nacional<\/h2>\n\n\n\n<p>El importe a pagar para el env\u00edo nacional se compone de dos elementos:<\/p>\n\n\n\n<ul class=\"wp-block-list\">\n<li>Materiales necesarios para env\u00edo: sobres acolchados, papel de burbujas, cajas u otros protectores.<\/li>\n\n\n\n<li>Importe del env\u00edo seg\u00fan el m\u00e9todo elegido. <\/li>\n<\/ul>\n\n\n\n<h2 class=\"wp-block-heading has-vivid-purple-background-color has-background has-large-font-size\">M\u00e9todos de env\u00edo<\/h2>\n\n\n\n<p>Los m\u00e9todos de env\u00edo principales son Ipaq e Inpost \/ Mondial Relay.<\/p>\n\n\n\n<figure class=\"wp-block-table\"><table class=\"has-light-green-cyan-background-color has-background\"><tbody><tr><td><mark style=\"background-color:#9b51e0\" class=\"has-inline-color has-black-color\"><strong>Ipaq<\/strong> (servicio especial de Correos)<\/mark><\/td><\/tr><tr><td>Realiza una simulaci\u00f3n\u00a0<a href=\"https:\/\/www.correos.es\/content\/correos\/es\/es\/particulares\/enviar\/envios-nacionales\/envios-economicos\/servicio-especial-de-paqueteria?utm_source=site_cor_ces&amp;utm_medium=link_text&amp;utm_campaign=correos_blog&amp;utm_content=serv_esp_paq2\">aqu\u00ed<\/a>.<br>&#8211; Hasta 2 kg = 5,62\u20ac\u00a0 Dimensi\u00f3n LxAlxAn:\u00a030x20x20 (6,02\u20ac Baleares, 10,16\u20ac Canarias)<br>&#8211; Hasta 5 kg = 6,06 \u20ac\u00a0 Dimensi\u00f3n LxAlxAn:\u00a035x35x24 (7,09\u20ac Baleares, 18,40\u20ac Canarias)<br><br>&#8211; Hasta 10 kg= 7,12\u20ac\u00a0 Dimensi\u00f3n LxAlxAn:\u00a040x40x37 (9,11\u20ac Baleares, 30,40\u20ac Canarias)<br><br>&#8211; Hasta 20 kg= 8,38\u20ac\u00a0Dimensi\u00f3n LxAlxAn:\u00a055x55x39 (10,74\u20ac Baleares, 51,62\u20ac Canarias)<\/td><\/tr><tr><td>Es un servicio de correos que permite env\u00edo y recepci\u00f3n en el domicilio. <br>Es necesario facilitar la direcci\u00f3n postal o el n\u00famero de tel\u00e9fono y c\u00f3digo postal si se tiene servicio de Packzum*. <\/td><\/tr><tr><td><strong>Funcionamiento<\/strong>:<br>&#8211; Alta del env\u00edo por nuestra parte seg\u00fan el peso ingresando el c\u00f3digo postal.<br>&#8211; Se completa con la direcci\u00f3n postal (o el n\u00famero de tel\u00e9fono si se tiene Packzum).<br>&#8211; Se realiza el pago (que debemos de haber recibido anteriormente).<br>&#8211; Se genera el c\u00f3digo de seguimiento. <br>&#8211; Realizan dos intentos de entrega y en caso negativo se dejar\u00e1 un aviso para recogerlo en la oficina de Correos m\u00e1s cercana durante 15 d\u00edas.<\/td><\/tr><\/tbody><\/table><\/figure>\n\n\n\n<figure class=\"wp-block-table\"><table class=\"has-cyan-bluish-gray-background-color has-background\"><tbody><tr><td><mark style=\"background-color:#9b51e0\" class=\"has-inline-color\"><strong>Packzum<\/strong><\/mark> &#8211; Reg\u00edstrate aqu\u00ed: <a href=\"https:\/\/www.packzum.com\/\" target=\"_blank\" rel=\"noreferrer noopener\">https:\/\/www.packzum.com\/<\/a><\/td><\/tr><tr><td>Packzum es una red de entrega de paqueter\u00eda segura donde las direcciones postales de remitentes y destinatarios no se hacen p\u00fablicas.<br>Una vez que las personas se registran en la app se guarda la direcci\u00f3n postal y la vinculan a su n\u00famero de tel\u00e9fono.<br>Solo Packzum y Correos tendr\u00e1n acceso a la direcci\u00f3n postal.<br>El uso de Packzum es gratuito.<\/td><\/tr><\/tbody><\/table><\/figure>\n\n\n\n<figure class=\"wp-block-table\"><table class=\"has-light-green-cyan-background-color has-background\"><tbody><tr><td><strong><mark style=\"background-color:#9b51e0\" class=\"has-inline-color\">Inpost \/ Mondial Relay<\/mark><\/strong><\/td><\/tr><tr><td>Realiza una simulaci\u00f3n aqu\u00ed:&nbsp;<a href=\"https:\/\/www.inpost.es\/realiza-un-envio\/\" target=\"_blank\" rel=\"noreferrer noopener\">https:\/\/www.inpost.es\/realiza-un-envio\/<\/a><br>Hasta 1 kg = 4,93\u20ac&nbsp;<br>Hasta 2 kg = 5,36\u20ac<br>Hasta 3 kg = 5,86\u20ac<br>Hasta 5 kg = 6,57\u20ac<br>Tarifas:&nbsp;<a href=\"https:\/\/www.inpost.es\/realiza-un-envio\/tarifas\/\" target=\"_blank\" rel=\"noreferrer noopener\">https:\/\/www.inpost.es\/realiza-un-envio\/tarifas\/<\/a><\/td><\/tr><tr><td>Es un servicio de env\u00edo mediante punto pack (establecimientos que se ofrecen de punto de env\u00edo y recogida de paquetes). No es necesario facilitar la direcci\u00f3n postal, s\u00f3lo se necesita un correo electr\u00f3nico.<br>Busca tu punto pack aqu\u00ed: <a href=\"https:\/\/www.inpost.es\/buscar-el-punto-pack-mas-cercano\/\" target=\"_blank\" rel=\"noreferrer noopener\">https:\/\/www.inpost.es\/buscar-el-punto-pack-mas-cercano\/<\/a><\/td><\/tr><tr><td><strong>Funcionamiento<\/strong>:<br>&#8211; Alta del env\u00edo por nuestra parte seg\u00fan el peso ingresando el correo electr\u00f3nico.<br>&#8211; Recepci\u00f3n del joiner de un correo por parte de Inpost para que se pueda elegir el punto pack. <br>&#8211; Recibimos la elecci\u00f3n y completamos el pago (que debemos de haber recibido anteriormente) para generar la etiqueta. <br>&#8211; Llevamos el paquete a punto pack y se recibe un c\u00f3digo de seguimiento. <br>&#8211; Cuando el paquete llega al punto pack se recibe un aviso para que se pueda recoger en un plazo de 7 d\u00edas. <\/td><\/tr><\/tbody><\/table><\/figure>\n\n\n\n<figure class=\"wp-block-table\"><table class=\"has-luminous-vivid-amber-background-color has-background\"><tbody><tr><td><strong><mark style=\"background-color:#9b51e0\" class=\"has-inline-color has-black-color\">Otras opciones de env\u00edo alternativas que pueden ofrecerse en nuestros env\u00edos:<\/mark><\/strong><\/td><\/tr><tr><td>&#8211; <strong>Correos certificado<\/strong> (s\u00f3lo para pedidos de Jap\u00f3n, USA, UK y Europa).<br>&#8211; <strong>Correos ordinario<\/strong> (s\u00f3lo para pedidos de Jap\u00f3n, USA, UK y Europa).<br>&#8211; <strong>Entrega en mano<\/strong> (s\u00f3lo para pedidos de Corea).<\/td><\/tr><\/tbody><\/table><\/figure>\n\n\n\n<figure class=\"wp-block-table\"><table class=\"has-light-green-cyan-background-color has-background\"><tbody><tr><td><strong><mark style=\"background-color:#9b51e0\" class=\"has-inline-color\">Env\u00edos a Canarias<\/mark><\/strong><\/td><\/tr><tr><td>&#8211; Se trata de un env\u00edo especial por la aduana.<br>&#8211; Es obligatorio facilitar el documento de identificaci\u00f3n (DNI, NIE).<br>&#8211; S\u00f3lo podr\u00e1 hacerse por correo certificado, por lo que es necesario la direcci\u00f3n postal.<\/td><\/tr><\/tbody><\/table><\/figure>\n\n\n\n<p>No obstante, en cada go se ofrecer\u00e1n las opciones disponibles que pueden ser todas las anteriores, o algunas de ellas. <\/p>\n\n\n\n<div class=\"wp-block-buttons is-content-justification-center is-layout-flex wp-container-core-buttons-is-layout-a89b3969 wp-block-buttons-is-layout-flex\">\n<div class=\"wp-block-button is-style-outline is-style-outline--1\"><a class=\"wp-block-button__link has-vivid-purple-background-color has-background wp-element-button\" href=\"https:\/\/comunidad.maryajosess.com\/\">Volver a inicio<\/a><\/div>\n<\/div>\n","protected":false},"excerpt":{"rendered":"<p>Env\u00edo nacional El importe a pagar para el env\u00edo nacional se compone de dos elementos: M\u00e9todos de env\u00edo Los m\u00e9todos de env\u00edo principales son Ipaq e Inpost \/ Mondial Relay. Ipaq (servicio especial de Correos) Realiza una simulaci\u00f3n\u00a0aqu\u00ed.&#8211; Hasta 2 kg = 5,62\u20ac\u00a0 Dimensi\u00f3n LxAlxAn:\u00a030x20x20 (6,02\u20ac Baleares, 10,16\u20ac Canarias)&#8211; Hasta 5 kg = 6,06 \u20ac\u00a0 [&hellip;]<\/p>\n","protected":false},"author":1,"featured_media":0,"parent":0,"menu_order":0,"comment_status":"closed","ping_status":"closed","template":"","meta":{"footnotes":""},"class_list":["post-40","page","type-page","status-publish","hentry"],"_links":{"self":[{"href":"https:\/\/comunidad.maryajosess.com\/index.php\/wp-json\/wp\/v2\/pages\/40","targetHints":{"allow":["GET"]}}],"collection":[{"href":"https:\/\/comunidad.maryajosess.com\/index.php\/wp-json\/wp\/v2\/pages"}],"about":[{"href":"https:\/\/comunidad.maryajosess.com\/index.php\/wp-json\/wp\/v2\/types\/page"}],"author":[{"embeddable":true,"href":"https:\/\/comunidad.maryajosess.com\/index.php\/wp-json\/wp\/v2\/users\/1"}],"replies":[{"embeddable":true,"href":"https:\/\/comunidad.maryajosess.com\/index.php\/wp-json\/wp\/v2\/comments?post=40"}],"version-history":[{"count":7,"href":"https:\/\/comunidad.maryajosess.com\/index.php\/wp-json\/wp\/v2\/pages\/40\/revisions"}],"predecessor-version":[{"id":335,"href":"https:\/\/comunidad.maryajosess.com\/index.php\/wp-json\/wp\/v2\/pages\/40\/revisions\/335"}],"wp:attachment":[{"href":"https:\/\/comunidad.maryajosess.com\/index.php\/wp-json\/wp\/v2\/media?parent=40"}],"curies":[{"name":"wp","href":"https:\/\/api.w.org\/{rel}","templated":true}]}}